{"id":614,"date":"2022-09-18T16:45:09","date_gmt":"2022-09-18T16:45:09","guid":{"rendered":"https:\/\/daviddombrowski.de\/?page_id=614"},"modified":"2022-09-18T16:46:14","modified_gmt":"2022-09-18T16:46:14","slug":"impressum","status":"publish","type":"page","link":"https:\/\/daviddombrowski.de\/?page_id=614","title":{"rendered":"Impressum"},"content":{"rendered":"\t\t<div data-elementor-type=\"wp-page\" data-elementor-id=\"614\" class=\"elementor elementor-614\">\n\t\t\t\t\t\t\t\t\t<section class=\"elementor-section elementor-top-section elementor-element elementor-element-fa1a13b elementor-section-boxed elementor-section-height-default elementor-section-height-default\" data-id=\"fa1a13b\" data-element_type=\"section\">\n\t\t\t\t\t\t<div class=\"elementor-container elementor-column-gap-default\">\n\t\t\t\t\t<div class=\"elementor-column elementor-col-100 elementor-top-column elementor-element elementor-element-4223387\" data-id=\"4223387\" data-element_type=\"column\">\n\t\t\t<div class=\"elementor-widget-wrap elementor-element-populated\">\n\t\t\t\t\t\t\t\t<div class=\"elementor-element elementor-element-5b5417f elementor-widget elementor-widget-html\" data-id=\"5b5417f\" data-element_type=\"widget\" data-widget_type=\"html.default\">\n\t\t\t\t<div class=\"elementor-widget-container\">\n\t\t\t\n<h2 id=\"m46\">Diensteanbieter<\/h2>\n<p>David Dombrowski<\/br>\nAufhamer Str. 23<\/br>\n85456 Wartenberg<\/br>\nDeutschland<\/p>\n<h2 id=\"m56\">Kontaktm\u00f6glichkeiten<\/h2>E-Mail-Adresse: <p><a href=\"mailto:hallo@daviddombrowski.de\">hallo@daviddombrowski.de<\/a><\/p>\nTelefon: <p>+49(0) 151 - 253 967 82<\/p>\n<h2 id=\"m58\">Angaben zum Unternehmen<\/h2>Gesch\u00e4ftsbereich: <p>Wellnessmassagen<\/p>\n<h2 id=\"m72\">Berufshaftpflichtversicherung<\/h2><p>inter Versicherungsgruppe<br>Erzbergerstr. 9-15<br>68165 Mannheim<\/p>\nR\u00e4umliche Geltung: <p>Deutschland<\/p>\n<h2 id=\"m172\">Social Media und andere Onlinepr\u00e4senzen<\/h2>Dieses Impressum gilt auch f\u00fcr die folgenden Social-Media-Pr\u00e4senzen und Onlineprofile: <p><a href=\"https:\/\/www.instagram.com\/davidunddombrowski\/\" target=\"_blank\">https:\/\/www.instagram.com\/davidunddombrowski\/<\/a><\/p>\n<p><a href=\"https:\/\/www.facebook.com\/DavidundDombrowski\/\" target=\"_blank\">https:\/\/www.facebook.com\/DavidundDombrowski\/<\/a><\/p>\n<p class=\"seal\"><a href=\"https:\/\/datenschutz-generator.de\/\" title=\"Rechtstext von Dr. Schwenke - f\u00fcr weitere Informationen bitte anklicken.\" target=\"_blank\" rel=\"noopener noreferrer nofollow\">Erstellt mit kostenlosem Datenschutz-Generator.de von Dr. Thomas Schwenke<\/a><\/p>\t\t<\/div>\n\t\t\t\t<\/div>\n\t\t\t\t\t<\/div>\n\t\t<\/div>\n\t\t\t\t\t\t\t<\/div>\n\t\t<\/section>\n\t\t\t\t\t\t\t<\/div>\n\t\t","protected":false},"excerpt":{"rendered":"<p>Diensteanbieter David Dombrowski Aufhamer Str. 23 85456 Wartenberg Deutschland Kontaktm\u00f6glichkeiten E-Mail-Adresse: hallo@daviddombrowski.de Telefon: +49(0) 151 &#8211; 253 967 82 Angaben zum Unternehmen Gesch\u00e4ftsbereich: Wellnessmassagen Berufshaftpflichtversicherung inter VersicherungsgruppeErzbergerstr. 9-1568165 Mannheim R\u00e4umliche Geltung: Deutschland Social Media und andere Onlinepr\u00e4senzen Dieses Impressum gilt auch f\u00fcr die folgenden Social-Media-Pr\u00e4senzen und Onlineprofile: https:\/\/www.instagram.com\/davidunddombrowski\/ https:\/\/www.facebook.com\/DavidundDombrowski\/ Erstellt mit kostenlosem Datenschutz-Generator.de von Dr. [&hellip;]<\/p>\n","protected":false},"author":1,"featured_media":0,"parent":0,"menu_order":0,"comment_status":"closed","ping_status":"closed","template":"","meta":[],"yoast_head":"<!-- This site is optimized with the Yoast SEO plugin v19.6.1 - https:\/\/yoast.com\/wordpress\/plugins\/seo\/ -->\n<title>Impressum - david dombrowski<\/title>\n<meta name=\"robots\" content=\"index, follow, max-snippet:-1, max-image-preview:large, max-video-preview:-1\" \/>\n<link rel=\"canonical\" href=\"https:\/\/daviddombrowski.de\/?page_id=614\" \/>\n<meta property=\"og:locale\" content=\"de_DE\" \/>\n<meta property=\"og:type\" content=\"article\" \/>\n<meta property=\"og:title\" content=\"Impressum - david dombrowski\" \/>\n<meta property=\"og:description\" content=\"Diensteanbieter David Dombrowski Aufhamer Str. 23 85456 Wartenberg Deutschland Kontaktm\u00f6glichkeiten E-Mail-Adresse: hallo@daviddombrowski.de Telefon: +49(0) 151 &#8211; 253 967 82 Angaben zum Unternehmen Gesch\u00e4ftsbereich: Wellnessmassagen Berufshaftpflichtversicherung inter VersicherungsgruppeErzbergerstr. 9-1568165 Mannheim R\u00e4umliche Geltung: Deutschland Social Media und andere Onlinepr\u00e4senzen Dieses Impressum gilt auch f\u00fcr die folgenden Social-Media-Pr\u00e4senzen und Onlineprofile: https:\/\/www.instagram.com\/davidunddombrowski\/ https:\/\/www.facebook.com\/DavidundDombrowski\/ Erstellt mit kostenlosem Datenschutz-Generator.de von Dr. [&hellip;]\" \/>\n<meta property=\"og:url\" content=\"https:\/\/daviddombrowski.de\/?page_id=614\" \/>\n<meta property=\"og:site_name\" content=\"david dombrowski\" \/>\n<meta property=\"article:modified_time\" content=\"2022-09-18T16:46:14+00:00\" \/>\n<meta name=\"twitter:card\" content=\"summary_large_image\" \/>\n<meta name=\"twitter:label1\" content=\"Gesch\u00e4tzte Lesezeit\" \/>\n\t<meta name=\"twitter:data1\" content=\"1\u00a0Minute\" \/>\n<script type=\"application\/ld+json\" class=\"yoast-schema-graph\">{\"@context\":\"https:\/\/schema.org\",\"@graph\":[{\"@type\":\"WebPage\",\"@id\":\"https:\/\/daviddombrowski.de\/?page_id=614\",\"url\":\"https:\/\/daviddombrowski.de\/?page_id=614\",\"name\":\"Impressum - david dombrowski\",\"isPartOf\":{\"@id\":\"https:\/\/daviddombrowski.de\/#website\"},\"datePublished\":\"2022-09-18T16:45:09+00:00\",\"dateModified\":\"2022-09-18T16:46:14+00:00\",\"breadcrumb\":{\"@id\":\"https:\/\/daviddombrowski.de\/?page_id=614#breadcrumb\"},\"inLanguage\":\"de\",\"potentialAction\":[{\"@type\":\"ReadAction\",\"target\":[\"https:\/\/daviddombrowski.de\/?page_id=614\"]}]},{\"@type\":\"BreadcrumbList\",\"@id\":\"https:\/\/daviddombrowski.de\/?page_id=614#breadcrumb\",\"itemListElement\":[{\"@type\":\"ListItem\",\"position\":1,\"name\":\"Startseite\",\"item\":\"https:\/\/daviddombrowski.de\/\"},{\"@type\":\"ListItem\",\"position\":2,\"name\":\"Impressum\"}]},{\"@type\":\"WebSite\",\"@id\":\"https:\/\/daviddombrowski.de\/#website\",\"url\":\"https:\/\/daviddombrowski.de\/\",\"name\":\"david dombrowski\",\"description\":\"Schmerz- und Massagetherapie\",\"publisher\":{\"@id\":\"https:\/\/daviddombrowski.de\/#organization\"},\"potentialAction\":[{\"@type\":\"SearchAction\",\"target\":{\"@type\":\"EntryPoint\",\"urlTemplate\":\"https:\/\/daviddombrowski.de\/?s={search_term_string}\"},\"query-input\":\"required name=search_term_string\"}],\"inLanguage\":\"de\"},{\"@type\":\"Organization\",\"@id\":\"https:\/\/daviddombrowski.de\/#organization\",\"name\":\"david dombrowski\",\"url\":\"https:\/\/daviddombrowski.de\/\",\"sameAs\":[],\"logo\":{\"@type\":\"ImageObject\",\"inLanguage\":\"de\",\"@id\":\"https:\/\/daviddombrowski.de\/#\/schema\/logo\/image\/\",\"url\":\"https:\/\/daviddombrowski.de\/wp-content\/uploads\/2022\/01\/cropped-cropped-Logo_Farbe_Icon.png\",\"contentUrl\":\"https:\/\/daviddombrowski.de\/wp-content\/uploads\/2022\/01\/cropped-cropped-Logo_Farbe_Icon.png\",\"width\":512,\"height\":512,\"caption\":\"david dombrowski\"},\"image\":{\"@id\":\"https:\/\/daviddombrowski.de\/#\/schema\/logo\/image\/\"}}]}<\/script>\n<!-- \/ Yoast SEO plugin. -->","yoast_head_json":{"title":"Impressum - david dombrowski","robots":{"index":"index","follow":"follow","max-snippet":"max-snippet:-1","max-image-preview":"max-image-preview:large","max-video-preview":"max-video-preview:-1"},"canonical":"https:\/\/daviddombrowski.de\/?page_id=614","og_locale":"de_DE","og_type":"article","og_title":"Impressum - david dombrowski","og_description":"Diensteanbieter David Dombrowski Aufhamer Str. 23 85456 Wartenberg Deutschland Kontaktm\u00f6glichkeiten E-Mail-Adresse: hallo@daviddombrowski.de Telefon: +49(0) 151 &#8211; 253 967 82 Angaben zum Unternehmen Gesch\u00e4ftsbereich: Wellnessmassagen Berufshaftpflichtversicherung inter VersicherungsgruppeErzbergerstr. 9-1568165 Mannheim R\u00e4umliche Geltung: Deutschland Social Media und andere Onlinepr\u00e4senzen Dieses Impressum gilt auch f\u00fcr die folgenden Social-Media-Pr\u00e4senzen und Onlineprofile: https:\/\/www.instagram.com\/davidunddombrowski\/ https:\/\/www.facebook.com\/DavidundDombrowski\/ Erstellt mit kostenlosem Datenschutz-Generator.de von Dr. [&hellip;]","og_url":"https:\/\/daviddombrowski.de\/?page_id=614","og_site_name":"david dombrowski","article_modified_time":"2022-09-18T16:46:14+00:00","twitter_card":"summary_large_image","twitter_misc":{"Gesch\u00e4tzte Lesezeit":"1\u00a0Minute"},"schema":{"@context":"https:\/\/schema.org","@graph":[{"@type":"WebPage","@id":"https:\/\/daviddombrowski.de\/?page_id=614","url":"https:\/\/daviddombrowski.de\/?page_id=614","name":"Impressum - david dombrowski","isPartOf":{"@id":"https:\/\/daviddombrowski.de\/#website"},"datePublished":"2022-09-18T16:45:09+00:00","dateModified":"2022-09-18T16:46:14+00:00","breadcrumb":{"@id":"https:\/\/daviddombrowski.de\/?page_id=614#breadcrumb"},"inLanguage":"de","potentialAction":[{"@type":"ReadAction","target":["https:\/\/daviddombrowski.de\/?page_id=614"]}]},{"@type":"BreadcrumbList","@id":"https:\/\/daviddombrowski.de\/?page_id=614#breadcrumb","itemListElement":[{"@type":"ListItem","position":1,"name":"Startseite","item":"https:\/\/daviddombrowski.de\/"},{"@type":"ListItem","position":2,"name":"Impressum"}]},{"@type":"WebSite","@id":"https:\/\/daviddombrowski.de\/#website","url":"https:\/\/daviddombrowski.de\/","name":"david dombrowski","description":"Schmerz- und Massagetherapie","publisher":{"@id":"https:\/\/daviddombrowski.de\/#organization"},"potentialAction":[{"@type":"SearchAction","target":{"@type":"EntryPoint","urlTemplate":"https:\/\/daviddombrowski.de\/?s={search_term_string}"},"query-input":"required name=search_term_string"}],"inLanguage":"de"},{"@type":"Organization","@id":"https:\/\/daviddombrowski.de\/#organization","name":"david dombrowski","url":"https:\/\/daviddombrowski.de\/","sameAs":[],"logo":{"@type":"ImageObject","inLanguage":"de","@id":"https:\/\/daviddombrowski.de\/#\/schema\/logo\/image\/","url":"https:\/\/daviddombrowski.de\/wp-content\/uploads\/2022\/01\/cropped-cropped-Logo_Farbe_Icon.png","contentUrl":"https:\/\/daviddombrowski.de\/wp-content\/uploads\/2022\/01\/cropped-cropped-Logo_Farbe_Icon.png","width":512,"height":512,"caption":"david dombrowski"},"image":{"@id":"https:\/\/daviddombrowski.de\/#\/schema\/logo\/image\/"}}]}},"_links":{"self":[{"href":"https:\/\/daviddombrowski.de\/index.php?rest_route=\/wp\/v2\/pages\/614"}],"collection":[{"href":"https:\/\/daviddombrowski.de\/index.php?rest_route=\/wp\/v2\/pages"}],"about":[{"href":"https:\/\/daviddombrowski.de\/index.php?rest_route=\/wp\/v2\/types\/page"}],"author":[{"embeddable":true,"href":"https:\/\/daviddombrowski.de\/index.php?rest_route=\/wp\/v2\/users\/1"}],"replies":[{"embeddable":true,"href":"https:\/\/daviddombrowski.de\/index.php?rest_route=%2Fwp%2Fv2%2Fcomments&post=614"}],"version-history":[{"count":4,"href":"https:\/\/daviddombrowski.de\/index.php?rest_route=\/wp\/v2\/pages\/614\/revisions"}],"predecessor-version":[{"id":618,"href":"https:\/\/daviddombrowski.de\/index.php?rest_route=\/wp\/v2\/pages\/614\/revisions\/618"}],"wp:attachment":[{"href":"https:\/\/daviddombrowski.de\/index.php?rest_route=%2Fwp%2Fv2%2Fmedia&parent=614"}],"curies":[{"name":"wp","href":"https:\/\/api.w.org\/{rel}","templated":true}]}}